- 15*l + 27. Let q(d) = -15*n(d) + 4*z(d). Calculate q(8).
7
Let q(u) = -u**3 + 5*u**2 - 3*u - 2. Let y be q(2). Let t(a) = y + 2*a - 14 + 7. Suppose -5 = -2*x + 5. Give t(x).
7
Suppose 2*k - 3*j = 20, j = 4*k + 18 - 28. Let r(o) = -2*o**2 + 20*o - 21. What is r(k)?
-3
Suppose 4*a - 7 = d, -4*d - 3 = 5*a - 17. Let q(x) = -6*x**2 + 2 + d - 27*x**3 + 28*x**3 - 8*x. Give q(7).
-4
Let g(u) be the first derivative of u**2 - 2/3*u**3 - 32 + 4*u. What is g(4)?
-20
Let q(k) = -94*k + 568. Let a be q(6). Let x(u) = -u - u - 17 + u + 18. Determine x(a).
-3
Let k(h) be the first derivative of -h**2/2 - 2*h + 1. Suppose -662 = -29*w - 8*w - 921. What is k(w)?
5
Let p(h) = 6*h**2 + 3*h - 2*h**2 - 2*h**2 - 8*h. Let b = -609 + 613. Give p(b).
12
Let l(b) = b**2 - 2*b - 6. Suppose 0*h = 4*h. Let f be 0 + (h - 0 - -2). Suppose -2*v = t - 5, 3*t - 5 = f*t - 5*v. Determine l(t).
9
Let q(b) = b**2 + 10*b - 9. Let k = 5877 - 5887. Give q(k).
-9
Let o(y) = y**3 + 20*y**2 + 2*y + 42. Let w(z) = z**2 + 18*z - 39. Let v be w(-19). Let m be o(v). Let q(k) = 2*k**2 + k - 2. Give q(m).
8
Let u = -487 + 710. Suppose -219*x = -u*x + 32. Let n(m) = -5*m + 11. Give n(x).
-29
Let f(q) be the second derivative of q**4/12 + q**3 + 3*q**2 + 7*q. Let y = 390 + -394. Calculate f(y).
-2
Let a(o) be the first derivative of 8*o**3/3 + 8*o**2 - o - 42. Let l be a(-2). Let g(w) = -9*w**3 + 2*w + 1. What is g(l)?
8
Let c(z) be the third derivative of -1/6*z**5 - 1/12*z**4 + 0 + 0*z - 1/6*z**3 - 112*z**2. Give c(-1).
-9
Suppose -5*j = 5*d - 1505, 28*j - 32*j + 905 = 3*d. Let a(p) = -3*p**2 + d + 0*p + 3*p - 298. Calculate a(-2).
-17
Let g be (-4)/(-34) - 1690/(-85). Let s be (g/15 + 4/(-12))*-1. Let m(z) = 23*z + 1. What is m(s)?
-22
Let s(q) be the second derivative of -5*q**3/6 + 7*q**2/2 + q - 43. Let g be -2 + 18/45*10. Determine s(g).
-3
Let n = 324 - 152. Let l(a) = -84 - 87 - a**3 + n. Calculate l(0).
1
Let a be (0 - -4)/(4/10). Let p(r) = 47 - 9 - a - 17 + r. What is p(-8)?
3
Let n(w) be the second derivative of 3*w**3/2 - 15*w**2/2 + 652*w. Calculate n(-6).
-69
Let s(x) be the second derivative of -x**5/20 - x**4/2 - 3*x**3/2 + 5*x**2 - 1001*x. Determine s(-4).
14
Let i(q) = 6*q + 22. Suppose 130*d + 852 = -318. Give i(d).
-32
Let l = -220 - -226. Let i(y) = l*y - 7*y - 2*y - y + 9. Give i(7).
-19
Let w(v) = -20*v + 1. Let o(r) = -45*r**2 + 48*r - 9. Let b(l) = -o(l) - 2*w(l). What is b(1)?
44
Let f(w) be the third derivative of w**5/20 + w**4/8 + w**3/6 + w**2. Let s = -21387 + 21385. What is f(s)?
7
Let g(s) be the second derivative of s**5/20 + s**4/3 + 2*s**3/3 - 7*s. Let l be g(-2). Suppose 4*d + l*d = 28. Let w(b) = -b**2 + 7*b + 9. Calculate w(d).
9
Let f = -25784 - -25789. Let z(u) = -40*u + 31. Calculate z(f).
-169
Let m be -24 - (-10218)/429 - (-1)/(-11)*-35. Let c(y) be the third derivative of -y**4/4 + y**3 - 2*y**2. Give c(m).
-12
Let u(z) be the second derivative of z**5/20 - z**4/12 - z**3/6 + 2*z**2 + 3*z. Let r = 49 + -49. Let l be u(r). Let j(b) = b**2 - 3*b - 5. What is j(l)?
-1
Let h be 2/6 + (-19)/3. Suppose m = 5*r - 13, 0*r + 4 = 4*r - 4*m. Let n(o) = 60*o**2 - 33*o**2 - o**r - 7*o - 34*o**2 + 6. Give n(h).
12
Let w(x) = -x**3 + 6*x**2 - 2*x - 4. Let n(m) = -158*m + 83*m + 74*m - 5. Let k(y) = y + 4. Let z(b) = 3*k(b) + 2*n(b). Let r be z(4). Determine w(r).
-16
Let a(u) = -319*u + 57. Let q(i) = 510*i - 84. Let l(g) = -8*a(g) - 5*q(g). Calculate l(0).
-36
Let r(q) = q**2 + 10*q + 19. Suppose 77*x + 5*k - 37 = 80*x, k = 5. What is r(x)?
-5
Let r(v) = -v**2 + 23 - 10 - 9 - 2*v - 3*v. Let g(w) = 7*w**3 + 1. Let u be g(-1). Let a be (-156)/28 + (-1)/(-14)*u. Calculate r(a).
-2
Let j(b) = -1598*b - 6 + 3208*b - 1605*b + b**2. Determine j(-3).
-12
Let u(d) = -27*d - 237 + 25*d**2 - 45*d**2 + 237 + 13*d**2. What is u(-5)?
-40
Let c(l) = 6*l**2 + l**3 + 55*l + 71*l - 131*l. Calculate c(-5).
50
Let b(k) be the third derivative of -k**4/6 + 4*k**3/3 + 2*k**2. Let g(y) = 2*y - 4. Let c(n) = 4*b(n) + 9*g(n). What is c(5)?
6
Let x be 3 + 2 + 38 - 1. Let s = 44 - x. Let r(f) = 32*f**s - 12*f**2 - 7*f - 11*f**2 - 8*f**2 + 4. Calculate r(5).
-6
Let p(g) be the third derivative of 7*g**5/30 + g**3/6 + 5*g**2 + 27. Let t be p(1). Let o(h) = h - 16. Calculate o(t).
-1
Suppose -19 + 3 = -4*f. Let i(z) = 9*z**2 + 6*z + 29. Let j(w) = -5*w**2 - 3*w - 16. Let l(s) = -6*i(s) - 11*j(s). Calculate l(f).
6
Let u(w) = -w**2 - 4*w + 3. Let o be 1/(3 + 408/(-135)). Suppose -549 = -14*z + 25. Let p = z + o. Determine u(p).
3
Let f = -274 - -276. Let u(m) be the second derivative of 0 + 13*m - 1/2*m**f - 1/6*m**3. Give u(2).
-3
Let f(m) = m**2 - 23*m - 29. Let j(g) = -7*g. Let c(u) = f(u) - 5*j(u). What is c(-15)?
16
Let o(f) be the first derivative of -f**4/4 - 5*f**3/3 - 3*f**2/2 - 52*f - 1273. What is o(-6)?
2
Let s(u) = -6*u + 3*u - 3175 - u**3 + 1591 + 1588. Determine s(2).
-10
Let n be (-9)/(-4) - (-14)/(-56). Let s(t) = -4*t - n + t + 6*t. Let v = 346 - 349. What is s(v)?
-11
Let l(c) = 429. Let t(x) = -x + 204. Let d(h) = 2*l(h) - 5*t(h). Give d(33).
3
Let h(x) = -105*x + 11 - 116*x + 220*x. Determine h(4).
7
Let n(l) = l**2 + 5*l - 1. Let t(m) = 2*m**3 + 11*m**2 + 2*m + 1. Let a be t(-5). Let r = a + -13. Suppose 0 = r*w - 2*x + 28, 3*x = 5*w + x + 40. Give n(w).
5
Let d(h) = h**2 + 17*h - 11. Let c = 3317 + -3330. Calculate d(c).
-63
Let u(c) = -c**2 - 9*c + 13. Suppose 0 = 123*n - 127*n + 96. Suppose 0 = -r + 3*r - 12. Suppose n + 36 = -r*t. Calculate u(t).
3
Let c = 30 - 17. Let w(t) = -10*t - 1. Let f(x) = -20*x - 2. Let a(h) = c*w(h) - 6*f(h). Suppose 0 = 4*o - 4*m + 3*m, -5*o + 5*m = 15. What is a(o)?
-11
Let w(q) = -24*q - 20. Suppose -10 = 4*c + x, 1893*c + 5 = 1894*c - x. Calculate w(c).
4
Let p(o) = o**2 + 9*o + 3. Let x be p(-9). Suppose 0 = x*c - c + 8. Let q(m) = 3*m + 3138006 - 3138008 + 0*m + 2*m**2. Determine q(c).
18
Let f(y) be the third derivative of y**6/120 + y**5/5 + y**4/2 + 2*y**3/3 - y**2. Let h(q) = q**3 - 29*q**2 + 3599. Let w be h(19). Calculate f(w).
-7
Let k(r) be the first derivative of -r**4/8 + r**3/3 - r**2 - 7*r + 10. Let q(j) be the second derivative of k(j). Let p be (-6)/2*(1 + 0). Calculate q(p).
11
Let k(h) be the third derivative of -h**6/720 - h**5/120 + h**4/24 + 5*h**3/6 + 67*h**2. Let v(t) be the second derivative of k(t). Give v(6).
-7
Let y(w) = -17*w - 8. Let m = 35045 + -35050. Determine y(m).
77
Let t(s) = 1184*s + s**2 - 1197*s - 7 + 16. Let q(c) = 9*c**3 - 2*c + 3. Let p be q(1). Determine t(p).
-21
Let i be -2 + 5 + 45/15. Let g(l) = 4*l**2 - 16 + l**3 + 4*l + 12 - i*l - 2*l**2. Determine g(-3).
-7
Let h(o) be the third derivative of 0 + 0*o - 5/24*o**4 - 1/60*o**5 - 7/6*o**3 - 7*o**2. Let g be h(-4). Let c(n) = -n**2 - 3*n - 4. Calculate c(g).
-4
Let w(u) = 366*u**2 + 6 + 364*u**2 - 9*u + 364*u**2 - 1095*u**2. What is w(-11)?
-16
Suppose -p + 5*m = 19, -2*m - 1 = -5*p + 19. Let u(a) be the second derivative of -a**5/20 + 5*a**4/12 + a**3 - 4*a**2 + a. What is u(p)?
-8
Let r(c) = c**3 - 3*c - 3. Let u(p) = p**3 - p + 0 - 3 - 3*p + 0 + p**2. Let t(b) = -5*r(b) + 6*u(b). Determine t(-7).
11
Let j(d) = 5*d - 14. Suppose -l - 7 = -18. Let q(w) = -2*w + 5. Let y(n) = l*q(n) + 4*j(n). Give y(2).
-5
Let c(r) = -862*r + 8624. Let d be c(10). Let b(u) = -3 - u**3 + 2*u**2 - 3*u**2 + 4*u**2 + u. Determine b(d).
-15
Suppose 1 = -h + m, -3*h - 8 = 4*m + 23. Let i(v) be the third derivative of -v**4/8 - v**3/3 + 214*v**2. Give i(h).
13
Suppose -368 = -7*w - 9*w. Let z(u) = 12 + w - 30 - 6*u. Determine z(2).
-7
Let y(o) = -6*o - 9. Let i(n) = -n**3 + 4*n**2 - 2*n - 5. Let z be i(3). Let c be y(z). Let p(h) = -48*h + 46*h - 3 - c - 3. Calculate p(-7).
5
Let s(t) = -12*t + 28. Let u be -4 + 4 + 12 + -6. What is s(u)?
-44
Let a(r) be the second derivative of 5*r**3/3 - 61*r**2/2 - 39*r - 17. What is a(5)?
-11
Let y(g) = 3*g**2 - 4*g**2 + 2*g**2 + 3 - 3*g. Let n be (20/15)/(7/21). Suppose j + 2 = n*p - 10, p - 3 = -3*j. Give y(p).
3
Let f(o) be the second derivative of o**3/2 + o**2 + 8298*o. Let s = -4 - -2. Give f(s).
-4
Let d(w) = -w**3 + 2*w**2 + 2*w + 27. Let f be (1 + -1)*1/(-4)*(-324)/243. Calculate d(f).
27
Let m(p) be the first derivative of p**2/2 + 4*p - 2. Let q(d) = 1797*d + 23359. Let g be q(-13). Give m(g).
2
Let j(c) = -43